lculate x(28).
-5
Let g(j) = j**2 + 32*j + 62. Give g(-30).
2
Let y(d) = d**3 - 11*d**2 + 21*d - 3. Calculate y(6).
-57
Let f(u) = 31*u + 1. What is f(1)?
32
Let b(i) = -2*i**2 + 75*i - 646. What is b(24)?
2
Let p(w) = -15*w + 875. Give p(58).
5
Let u(t) = 2*t**2 - 24*t - 22. What is u(13)?
4
Let o(m) = m**3 - 25*m**2 + 20*m + 28. Give o(24).
-68
Let o(k) = -k**3 + 5*k**2 + 12*k - 40. What is o(6)?
-4
Let g(w) = w**2 + 6*w - 11. Determine g(3).
16
Let m(x) = -2*x**2 - 110*x - 205. What is m(-53)?
7
Let v(n) = 4*n - 11. Calculate v(-7).
-39
Let q(y) = 42*y + 8. What is q(2)?
92
Let z(s) = s**2 - 63*s - 344. Determine z(-5).
-4
Let f(v) = v**2 - 5*v + 10. Give f(4).
6
Let j(d) = -d**2 + 13*d - 9. Determine j(13).
-9
Let n(z) = -z**2 - 3*z - 6. Give n(-3).
-6
Let a(s) = 5*s**2 + s + 2. Give a(2).
24
Let g(s) = -s**3 + 6*s**2 + 12*s - 2. Give g(8).
-34
Let n(m) = -4*m**2 - 16*m - 36. Determine n(-3).
-24
Let m(f) = -f + 1. What is m(4)?
-3
Let q(j) = -14*j**2 + j - 1. Calculate q(-2).
-59
Let q(m) = -4*m + 11. Give q(9).
-25
Let c(j) = j**2 - 11*j + 1. What is c(8)?
-23
Let t(c) = -21*c**2 + c + 3. Give t(-2).
-83
Let t(h) = -15*h - 12. Give t(0).
-12
Let b(k) = k**3 - 4*k**2 + 8*k - 72. Calculate b(5).
-7
Let l(h) = h**3 - 9*h**2 + 12*h - 7. Calculate l(8).
25
Let y(n) = -n**3 + 6*n**2 + 12*n - 39. Give y(7).
-4
Let c(j) = j**2 - 2*j - 14. What is c(6)?
10
Let x(s) = -2*s**2 + 3*s + 17. Calculate x(7).
-60
Let g(x) = x**3 - 2*x**2 - 3*x + 2. Determine g(3).
2
Let b(u) = -u**3 - 12*u**2 - 12*u - 14. What is b(-11)?
-3
Let f(n) = -n**2 + 111*n + 701. Calculate f(-6).
-1
Let o(b) = -b**2 + 4*b + 20. What is o(-7)?
-57
Let v(g) = 18*g + 44. Give v(-3).
-10
Let h(n) = -2*n - 1. Calculate h(-2).
3
Let m(b) = -7*b**2 - 3*b + 1. Calculate m(3).
-71
Let x(w) = 2*w**2 - 9*w - 5. Determine x(7).
30
Let w(f) = f. Give w(3).
3
Let q(a) = -39*a**2 + 5*a + 6. Determine q(-1).
-38
Let n(v) = -v**3 + 2*v**2 + 6*v + 3. Determine n(5).
-42
Let b(t) = 4*t + 38. What is b(-12)?
-10
Let q(l) = -9*l - 9. Give q(-4).
27
Let i(n) = -2*n - 39. What is i(-15)?
-9
Let b(s) = -2*s - 28. What is b(-10)?
-8
Let d(t) = -t**3 - 2*t**2 + 2*t + 2. Determine d(-3).
5
Let s(d) = d - 4. Give s(-3).
-7
Let y(b) = -b**3 - 4*b**2 + 15*b + 9. Determine y(-6).
-9
Let u(i) = -i**3 + 6*i**2 - 7*i + 1. What is u(6)?
-41
Let c(l) = l**3 + 25*l**2 + 23*l - 78. Give c(-24).
-54
Let c(r) = -r**2 + 3*r + 7. Calculate c(4).
3
Let i(n) = n**2 - 10*n - 2. Determine i(11).
9
Let o(v) = 4*v**2 + 37*v + 15. Calculate o(-9).
6
Let w(y) = -y**3 + 2*y**2 + 7*y - 5. What is w(2)?
9
Let l(g) = 7*g**2 + 12*g - 10. What is l(1)?
9
Let w(b) = -b**3 - 12*b**2 - 13*b - 15. Calculate w(-11).
7
Let h(c) = c**3 + 20*c**2 - 9*c - 170. What is h(-20)?
10
Let p(g) = -2*g**3 + 39*g**2 + 16*g + 49. Calculate p(20).
-31
Let i(q) = -q**3 - 5*q**2 - 2*q + 1. Give i(-5).
11
Let y(u) = 13*u + 420. What is y(-32)?
4
Let w(v) = -13*v - 9. Calculate w(4).
-61
Let b(d) = -d**3 - 8*d**2 - 20*d - 7. Give b(-3).
8
Let m(s) = -7*s**3 - s**2 - s + 2. Give m(1).
-7
Let r(k) = -k**3 + 19*k**2 + 43*k - 8. Calculate r(21).
13
Let i(s) = -s**2 - 2*s + 1. Give i(-4).
-7
Let o(y) = -y - 7. Give o(0).
-7
Let l(w) = 92*w + 735. Give l(-8).
-1
Let i(u) = -u**3 + 19*u**2 + 3*u - 11. Determine i(19).
46
Let j(f) = 3*f + 23. Determine j(-8).
-1
Let o(s) = s**2 - 3*s - 18. Calculate o(7).
10
Let s(b) = -4*b + 1. Determine s(3).
-11
Let m(y) = y**3 + 8*y**2 - 13*y - 10. Give m(-10).
-80
Let d(o) = -o**3 + 14*o**2 - 14*o + 30. Calculate d(13).
17
Let x(k) = 19*k + 2. Determine x(-1).
-17
Let b(q) = -2*q - 8. Determine b(-2).
-4
Let b(o) = 3*o**2 + o - 4. Determine b(-2).
6
Let g(k) = k + 16. What is g(-10)?
6
Let s(r) = 2*r**3 + 7*r**2 - 4*r + 3. Determine s(-4).
3
Let z(u) = -u**2 - 22*u - 51. What is z(-18)?
21
Let h(z) = -3*z - 60. What is h(-14)?
-18
Let p(c) = c**2 + 10*c + 15. Determine p(-11).
26
Let r(u) = -u**3 + 12*u**2 - 7*u - 52. What is r(11)?
-8
Let r(i) = i. Determine r(-10).
-10
Let w(v) = -10*v + 250. What is w(24)?
10
Let i(h) = -6*h + 53. Determine i(8).
5
Let l(w) = -w**3 + 5*w**2 - 2*w - 3. Calculate l(3).
9
Let q(n) = -n**2 + 20*n + 192. Calculate q(27).
3
Let v(w) = -w**3 + 16*w**2 - 12*w - 12. Calculate v(15).
33
Let f(d) = -d**2 + d - 6. Determine f(0).
-6
Let u(s) = -5*s**3 - 5*s**2 + 3*s - 4. Determine u(-3).
77
Let k(y) = -y**2 + 5*y. Give k(6).
-6
Let d(i) = -i**2 - 36*i + 134. Calculate d(-39).
17
Let u(b) = 9*b + 4. Give u(-7).
-59
Let g(t) = t**3 - 14*t**2 + t - 20. Determine g(14).
-6
Let f(v) = 10*v - 3. Give f(2).
17
Let j(g) = 23*g - 57. What is j(3)?
12
Let d(l) = l**3 + 11*l**2 - 8*l + 27. What is d(-12)?
-21
Let o(i) = -2*i**2 + 85*i + 170. Calculate o(-2).
-8
Let g(a) = -a**2 + 12*a - 1. Give g(9).
26
Let c(z) = -4*z**2 - z + 10. Calculate c(-2).
-4
Let h(f) = -4*f + 23. Determine h(-10).
63
Let u(y) = y + 46. What is u(18)?
64
Let c(t) = -6*t + 8. What is c(2)?
-4
Let i(a) = a**3 + 18*a**2 + 16*a - 2. Determine i(-17).
15
Let r(n) = -n**3 - 7*n**2 + 9*n - 2. What is r(-8)?
-10
Let n(i) = i**3 - 6*i**2 + 6*i + 6. Calculate n(6).
42
Let m(g) = 16*g - 782. Determine m(49).
2
Let t(l) = l + 1. What is t(5)?
6
Let z(x) = 6*x - 17. Calculate z(5).
13
Let d(q) = q**3 + 2*q**2 - 2*q - 5. Calculate d(-3).
-8
Let b(k) = k**3 + 8*k**2 + 10*k - 16. Determine b(-5).
9
Let j(x) = x - 57. What is j(14)?
-43
Let l(m) = -m**3 + 7*m**2 + 7*m + 2. Determine l(7).
51
Let y(h) = 2*h + 6. Calculate y(4).
14
Let d(u) = u**2 + 4*u - 3. Determine d(6).
57
Let d(h) = 2*h - 12. Calculate d(10).
8
Let c(k) = -11*k**2 + 4*k + 1. Determine c(2).
-35
Let b(w) = 2*w**2 + 2*w - 76. Determine b(6).
8
Let k(r) = -r**3 + r**2 + 7*r - 2. Calculate k(3).
1
Let c(l) = -l**3 - 9*l**2 + 2. Determine c(-9).
2
Let u(l) = l**3 - 4*l**2 + l + 8. Determine u(4).
12
Let h(o) = -2*o**3 - 30*o**2 + 32*o - 4. Calculate h(-16).
-4
Let u(f) = -f - 1. Determine u(8).
-9
Let u(x) = 2*x**2 + 50*x + 96. What is u(-23)?
4
Let x(j) = -j**2 + 7*j + 13. Calculate x(9).
-5
Let z(o) = o**3 + 5*o**2 - 3*o + 2. Give z(-5).
17
Let t(f) = 3*f - 66. Give t(23).
3
Let a(h) = 27*h + 9. Give a(4).
117
Let p(g) = -27*g + 37. What is p(1)?
10
Let m(i) = 10*i**2 - 61*i - 2. Determine m(6).
-8
Let m(r) = 33*r + 131. What is m(-3)?
32
Let b(a) = -a**2 - 7*a + 118. Give b(-15).
-2
Let a(u) = 2*u**3 - u**2 + u - 2. What is a(-2)?
-24
Let t(o) = -21*o + 224. Calculate t(11).
-7
Let p(k) = k**3 - 11*k**2 - 15*k + 34. Determine p(12).
-2
Let k(d) = -d**3 - 11*d**2 - 8*d + 13. Give k(-10).
-7
Let b(m) = m + 23. Determine b(0).
23
Let v(w) = -20*w**3 + 4*w**2 - 3. Give v(-1).
21
Let t(b) = b**3 + 18*b**2 - 16. What is t(-18)?
-16
Let k(d) = d**2 - 22*d - 90. Give k(25).
-15
Let z(i) = -i**3 + 3*i**2 + 5*i + 1. Determine z(5).
-24
Let x(w) = -3*w**2 + 5*w + 6. What is x(-1)?
-2
Let h(p) = 2*p - 7. Give h(5).
3
Let q(g) = 3*g - 2. Determine q(1).
1
Let a(x) = 7*x + 11. Give a(-1).
4
Let y(j) = 41*j**3 - j**2 + 1. Determine y(-1).
-41
Let c(y) = 3*y**2 + 30*y + 36. Determine c(-11).
69
Let z(a) = -8*a**2 + a. Give z(1).
-7
Let v(z) = -z**3 + 19*z**2 - 46*z - 30. Calculate v(16).
2
Let q(j) = -3*j - 10. Calculate q(-4).
2
Let y(m) = m**3 + 12*m**2 + 27*m + 59. What is y(-10)?
-11
Let o(s) = -11*s - 52. Determine o(-5).
3
Let v(g) = -16*g**3 - 3*g + 2. What is v(1)?
-17
Let z(t) = 10*t**2 - t - 1. What is z(-1)?
10
Let z(m) = 2*m**2 + 2*m + 1. Calculate z(-2).
5
Let y(j) = 3*j**2 + 12*j + 4. What is y(-4)?
4
Let c(x) = 4*x**2 - 3*x + 6. Calculate c(2).
16
Let r(h) = -137*h**3 - 3*h**2 + 3*h. Calculate r(1).
-137
Let q(r) = 22*r - 12. Determine q(-1).
-34
Let a(t) = t**2 - 42*t + 75. Give a(40).
-5
Let i(m) = -2*m**3 + m**2 - m - 20. Determine i(0).
-20
Let n(x) = -x**3 - 12*x**2 + 13*x - 1. Give n(-13).
-1
Let r(s) = 37*s + 41. What is r(-1)?
4
Let l(s) = s**3 - 15*s**2 + 17*s + 23. What is l(13)?
-94
Let a(k) = 7*k**2 + 42*k + 4. Calculate a(-6).
4
Let f(d) = -d**2 - 12*d - 23. Give f(-11).
-12
Let y(i) = 3*i**2 + 2*i - 7. Give y(-3).
14
Let d(l) = l - 16. Give d(-7).
-23
Let k(d) = -3*d + 5. What is k(0)?
5
Let v(z) = -z**3 + 14*z**2 + z - 6. Determine v(14).
8
Let b(s) = s - 51. Determine b(4).
-47
Let b(w) = w**3 - w**2 - 2*w. What is b(3)?
12
Let w(p) = 3*p**2 + 4*p + 4. Give w(-4).
3